*d - 7. Let h be p(1). Suppose 4*o - h = 4*s, 15*s - 10*s = o - 55. Calculate the greatest common divisor of o and 245.
35
Suppose 0 = -3*j - 5*p + 93, 17 = -3*j - 3*p + 116. Suppose j*l - 22554 = 12366. What is the greatest common factor of l and 10?
10
Suppose -5*w = t - 17, 14*t - 2*w = 10*t + 2. Suppose 0 = -9*f - t*f + 671. Calculate the highest common divisor of f and 122.
61
Let y(g) = g**2 + g - 20. Let l be y(-7). Let h = 1287 + -2513. Let j be h/(-8) + (-12)/(-16). What is the highest common divisor of l and j?
22
Suppose -14*u = -254 - 1874. Let x be -3*u/24*(1 - 4). Calculate the greatest common divisor of 38 and x.
19
Let y = -18396 + 35838. What is the highest common divisor of y and 228?
114
Let y = 71 + -41. Suppose -3389 = -84*s + 10051. Calculate the greatest common divisor of s and y.
10
Let i be (-370 - -787) + (2 - 14). Calculate the greatest common divisor of i and 3825.
45
Let z be ((-24)/(-20))/3 + (-78680)/(-175). Calculate the greatest common factor of 630 and z.
90
Let u = 9 + -4. Suppose -u*y = -5 - 50. Let x be (4/3)/((-1)/33)*-2. What is the highest common factor of y and x?
11
Suppose 3*a + z = -3*z + 234, 2*a = 2*z + 156. Let p = -48 + a. Suppose -2*l + p = -2*g + 6*g, 0 = -l - 5*g. What is the greatest common factor of 275 and l?
25
Let j be 13/((-78)/72)*1*3. Let m = j - -57. Let k(t) = t**3 - 21*t**2 + 2*t + 42. Let s be k(m). Calculate the highest common divisor of s and 210.
42
Suppose 0 = 4*f + 2*k - 84, 2*f + 5*k - 30 = f. Suppose -5*r - 42 = 2*z, 2*r + 38 + 2 = 5*z. Let b = f + r. Calculate the highest common factor of b and 10.
10
Let w(u) = -230*u - 3825. Let p be w(-22). What is the greatest common divisor of p and 2185?
95
Let o(w) = 2730*w - 12. Let b be o(1). Calculate the highest common factor of 54 and b.
18
Let v be -7*18/(-14)*8. Let u = -58 + v. Let h = 288 - 176. Calculate the greatest common factor of u and h.
14
Suppose -244 = 36*n - 1324. Calculate the highest common divisor of n and 294.
6
Let d = 65 - 164. Suppose 0*u = -12*u - 96. Let l be (-2)/u - d/36. Calculate the greatest common factor of 21 and l.
3
Suppose -10*i + 2055 = -1345. What is the highest common factor of 40 and i?
20
Suppose -4*u - 5*f + 599 = -484, -1128 = -4*u + 4*f. Let d = u + -163. Calculate the greatest common divisor of d and 38.
38
Let m(h) = -2*h**3 - 61*h**2 + 226*h + 68. Let o be m(-34). Calculate the highest common factor of 84 and o.
28
Let i(k) = 4*k - 15. Let g be i(6). Let c be g - -26 - (1 + 0 - 0). Calculate the greatest common factor of c and 17.
17
Let v = 2158 + -904. What is the greatest common factor of v and 12?
6
Let b(g) = 3*g + 61. Let o = -480 - -467. Let p be b(o). Calculate the greatest common factor of 11 and p.
11
Let j(w) = -w**3 - 21*w**2 + 9*w - 147. Let z be j(-23). Calculate the greatest common divisor of 24 and z.
8
Suppose -l = v - 344, 5*l + 3*v - 1720 = 2*v. Let w = l - 152. Calculate the highest common divisor of 12 and w.
12
Suppose -13*m = 11*m - 1318 - 794. What is the highest common factor of m and 8536?
88
Let s = -15907 - -15932. Calculate the greatest common factor of 22500 and s.
25
Let g = 17112 + -13199. Calculate the highest common divisor of 215 and g.
43
Let c be 9310/76*(-40)/(-14). Let x be ((-2)/1)/((-26)/455). What is the greatest common factor of c and x?
35
Let x = 13 - -166. Let z be 4/((8/(-23))/4). Let q = x - z. Calculate the highest common divisor of q and 25.
25
Let z be -3 + (-2)/6*-183. Let i = 77 - z. Suppose 11*q - i*q + 192 = 0. Calculate the greatest common divisor of 36 and q.
12
Suppose -u = -3, -9*u - 600 = -2*t - 5*u. What is the greatest common factor of 6 and t?
6
Let i be 160/1*-186*1/(-5). Calculate the highest common factor of 6 and i.
6
Let g = 6 - -6. Suppose o - 216 = 4*w + 44, o = -3*w + 288. What is the highest common factor of g and o?
12
Suppose 0 = -x - 3*j + 436, -5*x - 4*j + 2558 = 323. Calculate the highest common factor of 55 and x.
11
Let x(p) = p**2 + 16*p + 7. Suppose -k + 11 = 28. Let f be x(k). Let y be (-3 - -4)*-2 + 218. What is the greatest common divisor of y and f?
24
Let b(r) = -208*r**2 - 1074*r - 15. Let w be b(-5). What is the greatest common factor of w and 217?
31
Let r be 28/42*1*(-45)/(-6). Suppose b + 0*b = -3*n + 16, 0 = 5*b - r*n - 80. What is the greatest common factor of b and 208?
16
Suppose 2*g = -2*l + 72, -6*g = -2*l - g + 100. Let h = l - 26. Calculate the highest common factor of 49 and h.
7
Let k = -1624 + 3771. Calculate the highest common divisor of 38 and k.
19
Let y = 45 + 27. Suppose -5*n + 365 = -4*j, -106 + 436 = -4*j - 2*n. Let p = j - -93. What is the highest common divisor of y and p?
8
Let o(g) = -3*g + 31. Let v be o(9). Suppose 0 = -2*t + 2 + v. Suppose 4*l + 4*j - j = 66, 52 = t*l + j. Calculate the highest common factor of 18 and l.
18
Let p(g) = g**2 + 2*g - 17. Let h be p(-6). Let u = h + 14. What is the greatest common factor of 147 and u?
21
Let a be (-124)/6 - 8/(-12). Let t be 6/(-4) + (-70)/a. Suppose -5*n + g + 170 = 0, 4*n + 2*g = 124 - t. Calculate the highest common divisor of n and 11.
11
Suppose -c + 2 = -1. Suppose c*h = 11 + 1. Suppose -h*o - 24 + 232 = 0. Calculate the greatest common factor of 78 and o.
26
Suppose 4*r - 4*i = 5960, 271*r - 275*r + 5920 = 4*i. Calculate the greatest common factor of 198 and r.
99
Let s(h) = -h**2 + 25*h - 157. Let t be s(15). Let a be (-38)/133 + (-247)/t. Calculate the highest common factor of a and 80.
5
Let d = -10981 - -12100. What is the greatest common divisor of 6 and d?
3
Let j(f) = -2*f + 12. Let s(t) = -7*t**2 + 14*t + 5. Let a be s(3). Let i be j(a). Calculate the greatest common factor of i and 8.
4
Suppose 0 = -6*f - 22*f + 74508. Suppose -9*n + 48 = -f. What is the greatest common factor of 14 and n?
7
Let v(x) = 39*x**3 - 13*x**2 - 10*x + 17. Let l be v(2). Calculate the highest common factor of l and 32639.
257
Let a = 525 + -461. Calculate the highest common factor of 584 and a.
8
Let d(h) = 13*h**2 + 2*h. Let f(a) = -a**2 + 3*a. Let i(l) = d(l) + 5*f(l). Let t be i(-4). Calculate the greatest common factor of 510 and t.
30
Suppose -8 = 3*c - 26, 3*k - 156 = -6*c. Calculate the highest common factor of 510 and k.
10
Let c be (3784/(-215))/(4/(-150)). Let s be c/(-24)*12/(-5). What is the highest common factor of s and 22?
22
Let v(b) = 243*b + 256. Let s be v(-1). What is the highest common divisor of 29 and s?
1
Suppose y - 115 = -4*z, -953 = -14*y + 6*y + z. What is the greatest common factor of 17 and y?
17
Let v be (-14)/10 - 16/(-40). Let i be 1 + 2 - 14*v. Suppose 0 = j - 4*h - 203, 3*j - 2*j + 5*h - 167 = 0. What is the greatest common divisor of i and j?
17
Suppose 0 = -9302*g + 9293*g + 87264. What is the highest common divisor of 6 and g?
6
Let i(y) = 2*y**2 + 50*y - 205. Let w be i(45). Calculate the highest common divisor of 46 and w.
23
Suppose 492 = 641*b - 600*b. Calculate the greatest common divisor of b and 900.
12
Let p = 88 + 150. Suppose -27*k + p = -221. Suppose 0*z + 4*z + 2*o = 78, -5*o + 42 = z. What is the greatest common factor of k and z?
17
Suppose -3*v + 5*l - 6*l = -170, 0 = 5*v + 2*l - 285. Let x = v + -14. Calculate the greatest common factor of 410 and x.
41
Let q = -20241 + 20334. What is the greatest common divisor of q and 2883?
93
Let z = 94 - 98. Let t be 5 + 59/(-3 - z). Let d = t + 16. Calculate the highest common divisor of 8 and d.
8
Suppose -n + 2*b = -36, 0 = -2*n + 2*b - 6*b + 32. What is the highest common divisor of n and 7618?
26
Suppose 514 = 2*k + 5*r, 0 = -19*k + 22*k + r - 758. Calculate the greatest common factor of 288 and k.
36
Suppose 72 = -2*z + 10*z. Suppose -10 = -14*r + z*r. Suppose -r*q - 12 - 34 = -p, 3*p = 4*q + 142. What is the greatest common factor of 10 and p?
10
Let w(v) = 363*v + 18. Let d be w(1). Let a = d - 286. Calculate the highest common factor of a and 5.
5
Let q(d) = 34*d**3 - 842*d**2 - 194*d + 78. Let g be q(25). Suppose -h + 12 = 3*h. What is the greatest common factor of g and h?
3
Let c be ((-30)/(-12))/((-3)/6)*1. Let j be 43/8 + c - (-538)/16. Calculate the greatest common divisor of j and 14.
2
Suppose 70*i + 432 = 97*i. What is the highest common divisor of i and 316?
4
Suppose s + u + 9 = 0, s + u - 3 = 3*u. Let t(m) = -m**3 - 